4. Let d be o(12). Let q(u) = -u - 4. Calculate q(d).
2
Suppose 0 = 12*b - 3*b + 36. Let g be -3 + 1/(3/15). Let j(u) = -6*u - 7 - 8 - u**g + 9. Determine j(b).
2
Let j(o) be the second derivative of -o**8/6720 + o**7/360 + o**6/72 - o**5/15 + 2*o**4/3 + 41*o. Let s(t) be the third derivative of j(t). What is s(8)?
8
Let a be (-4)/(-22) - (-424)/88. Let r(f) = f + a*f - 5*f. What is r(4)?
4
Let k(r) = -6*r**3 - 2*r**2 + r. Let h(j) = j + 10. Let a be h(-10). Let s be (-1 + a)/(-1 - 0). What is k(s)?
-7
Suppose -y + 3*y = 0. Suppose 2*v - 5 + 1 = y. Let n(h) = -h**3 + 2 + 0*h + 2*h**2 - h**v + h. Give n(2).
0
Let u(p) = p + 1. Let s(l) = -l - 11. Let n(y) = -s(y) - 4*u(y). What is n(4)?
-5
Let x(f) = -f**2 + 1. Let g be (4/28 - 1)*-7. Suppose g*c - 25 = c. Suppose 3*w + v = 6 - 1, c = -3*w + 4*v. Calculate x(w).
0
Suppose 2*s - x = 3*s + 28, 0 = -5*s + 3*x - 124. Let z be (-38)/5 - (s/10 + 3). Let q(t) = 2*t + 5. Determine q(z).
-11
Let q(y) = -2*y. Let f be (-10)/(-5)*(-18)/(-12). Calculate q(f).
-6
Let s(a) be the first derivative of -5 + 1/2*a**2 + 6*a. Calculate s(-6).
0
Let v(p) = 37*p + 3. Let s = 30 + -35. Let t(b) = -18*b - 1. Let r(q) = s*t(q) - 2*v(q). Calculate r(-1).
-17
Suppose 2*m - 12 = -4*l, -157*m + 13 = -153*m - 3*l. Let q(s) = 2*s**2 + 4*s + 2*s**3 - 7*s**2 - s**3 - 6. Determine q(m).
-6
Let t be (-3 + 35/25)*-20. Let s = -27 + t. Let h(r) = -r**2 + 8*r. What is h(s)?
15
Let i(w) = w + 2. Suppose 2*x = -2*x - 16. Let c be i(x). Let v be (c + 7/3)*-3. Let a(k) = -9*k**2 - k. Calculate a(v).
-8
Let n(z) = 2 - 40*z + 43*z + z**2 - 4. Suppose 2*s - 5 = -1. Suppose -3*i = 2*x + 7, -s = -i - 3*x - 2*x. Give n(i).
-2
Suppose -4*s + 10 + 10 = 0, 0 = 2*w - 4*s + 16. Let j be -2 - (-1 - (w - 4)). Let d(m) = -m - 1. Calculate d(j).
2
Let f(x) be the third derivative of 1/6*x**4 + 1/60*x**5 + 0*x - 4*x**2 + 0 - 7/6*x**3. Calculate f(-6).
5
Let p be (-20)/6*(-36)/(-30)*-1. Let z(w) be the second derivative of w**4/12 - 5*w**3/6 + w**2/2 + 10*w. Determine z(p).
-3
Let a(f) = f**3 + 4*f**2 - f - 5. Let i be a(-4). Suppose -5*q = -2*g - 0*q - 4, q - 2 = 0. Let y(j) = j**2 + g*j**3 + j**2 - 3*j**2. Calculate y(i).
-4
Let h be (3 - (4 - (-9)/(-6)))*-98. Let r = h - -43. Let u(a) = a**3 + 5*a**2 - 6*a + 7. What is u(r)?
7
Let p(u) be the second derivative of u**5/20 - 5*u**4/12 - u**3/6 - u**2/2 + 139*u + 2. What is p(5)?
-6
Let y = -854 + 864. Let o(d) = d**3 - 11*d**2 - 11*d + 12. Let n(t) = -t**3 + 12*t**2 + 11*t - 12. Let i(k) = 2*n(k) + 3*o(k). Determine i(y).
2
Suppose -20 - 10 = 4*y - 3*l, -3*y - 12 = 3*l. Let a(d) = 5*d**2 + 2*d + 14. Let g(n) = -11*n**2 - 5*n - 29. Let p(o) = 13*a(o) + 6*g(o). Calculate p(y).
-4
Let r be 19/7 + (-34)/(-119). Let c(k) = -1 + r + 2 + k - 2. Calculate c(-6).
-4
Let h(u) be the first derivative of -u**3/3 - 2*u**2 + 21. Let d = 2 + 4. Suppose 3*r + 2*w - d = -24, 4*w = -12. What is h(r)?
0
Let h(o) = -o**2 + 1. Let q(f) = 2*f**2 - 9*f - 5. Let u(p) = -p**3 - 15*p**2 - 14*p + 4. Let m be u(-14). Let y(i) = m*h(i) + q(i). What is y(-6)?
-19
Let p(m) be the second derivative of m**3/6 - 3*m**2/2 - 18*m. Let j = 120 - 114. What is p(j)?
3
Let b(o) = -o**3 + 5*o**2 - o + 3. Let d(x) = x**2 + 28*x + 64. Let h be d(-20). Let a = h - -101. What is b(a)?
-2
Let z(u) = -u + 1. Let h = 76 - 73. Suppose 3*i = -2*s - i + 16, -h*s = -5*i + 31. Determine z(s).
3
Let q(k) = -k + 3. Let c = 83 - 53. Let v = -34 + c. Let d be v + 9 - 4 - 7. Give q(d).
9
Let j be 1 + 0 + 9 + -12. Let z be -2*1/2*j. Let k(r) = r + r - z + 1. What is k(6)?
11
Let u(t) be the first derivative of t**4/4 - 14*t**3/3 + t**2/2 - t - 729. Calculate u(14).
13
Let w(s) = -7*s + 4. Let m be 138/(-120)*-4 - 4/(-10). Give w(m).
-31
Suppose 0*y = -4*y - 4. Let r = y + 6. Let v(q) = 9*q + 58 - 3*q - 2*q**3 - 49 + q**3 - r*q**2. Calculate v(-6).
9
Let t(z) = 17*z**3 + 15*z**2 + 30*z - 30. Let u(x) = -3*x**3 - 3*x**2 - 6*x + 6. Let i(n) = 2*t(n) + 11*u(n). Determine i(4).
-2
Let p = -70 + 76. Let d(q) = -q. Let v(s) = -2. Let h(l) = d(l) + v(l). What is h(p)?
-8
Let d(c) = -2*c**2 + 2*c + 1. Let z(b) = -b**3 + 24*b**2 - 12*b - 8. Let t(j) = -6*d(j) - z(j). Give t(12).
2
Let m(x) = -6 - 8*x + 1 - 12*x**2 + 11*x**2 - x + 0*x. Give m(-6).
13
Let q(l) be the first derivative of l**2 + 9*l + 2. Determine q(-8).
-7
Let n(c) be the first derivative of -c**2 + 10*c + 1. Let i(a) = 6*a**2 - 128*a - 127. Let v be i(-1). Determine n(v).
-4
Let d be -346 + 3 + -1*1. Let t be (d/(-9))/8 + 4/18. Let g(z) = z**2 - 3*z - 5. Give g(t).
5
Let r(a) = -33*a**2 - 23*a - 35. Let s(v) = -5*v**2 - 4*v - 6. Let g(o) = -2*r(o) + 13*s(o). Suppose 0 = 2*l - 0*l - 16. Calculate g(l).
8
Let h(c) = -c + 15. Suppose 89*f - 91*f = -16. Calculate h(f).
7
Suppose 56*t = 64*t + 56. Let m(f) = -6*f - 40. Calculate m(t).
2
Let m(a) = 6*a**2 - 2*a**2 - 4*a**2 + 17*a + 5*a - 1 + 2*a**2. Calculate m(-11).
-1
Let c(w) = -w**3 + 3*w**2 - w - 3. Let z be (-286)/(-104)*(12 + 0). Let h = z - 30. What is c(h)?
-6
Let g(x) = x**3 - 9*x**2 - 14*x + 34. Let v be g(10). Let j be -1 + -1 + (-6)/(-1). Let h(d) = 6 - d**2 - j*d + 3*d - 3*d. Calculate h(v).
-6
Let t(b) = -1375*b + 1370*b - 3 - 1. Calculate t(-3).
11
Suppose -11 = -25*v - 186. Let l(y) = y**3 + 7*y**2 - 2*y + 7. Calculate l(v).
21
Suppose -6 = u - 4*u. Let r(a) = 2*a - a + 242*a**2 - 241*a**2 + a**3. What is r(u)?
14
Let n(o) = o - 622 + o + 617 - o. Let k = 2 + -7. Give n(k).
-10
Let w = -37 - -40. Let a(m) = -10*m + 1 + w + 6*m**2 - m**3 + 2*m**2. Calculate a(7).
-17
Let k = 6 - 3. Let s = k - 9. Let f(i) = -5*i + 3*i - 2 + 1 + 0 + i. What is f(s)?
5
Suppose 10*l = 15*l - 11*l. Let b(s) = 2*s**2 + s - 10. What is b(l)?
-10
Let l = 52 + -49. Let o(q) = -2*q**3 - q**2 - 5*q. Let t(x) = -x**3 - x + 1. Let d(b) = l*t(b) - o(b). Calculate d(-2).
11
Suppose 54*a - 56*a = 4. Let b be 1/1*(a - -2). Let o(s) = -s + 3. Determine o(b).
3
Let f be (-1)/(-6) + 35/42. Let s(z) = 2*z + 4*z**2 - 2 + z**3 - 4*z - 2*z - f. Determine s(-4).
13
Let l(z) = z**2 + 4*z + 4. Suppose -6*a = 4*a - 20. Suppose 5*d + a = -23. Determine l(d).
9
Let a(y) = -y**3 + 5*y**2 - 2*y + 12. Let b be a(5). Let s(k) be the second derivative of 0 + 0*k**b - 11/6*k**3 + k. Calculate s(-1).
11
Suppose r = -32 + 35. Let p(t) = -1 - 4*t**2 + 6*t + 3*t**2 + 5. What is p(r)?
13
Let o(s) = 7*s**3 + 2*s**2 + s. Let m(a) be the second derivative of a**4/12 - a**3/3 - a**2/2 - 2*a. Let c be (-3 + 8 - 1)/2. Let r be m(c). Give o(r).
-6
Let f(t) = -t**2 + 17*t - 10. Suppose 144 = -4*r + 16*r. Calculate f(r).
50
Let a(i) = -4*i - 2. Let w(p) = -31*p - 5. Let j be w(1). Let f be j/8 - (-5)/(-10). What is a(f)?
18
Let r(s) = 3*s**2 + 5*s + 1. Let h be r(-2). Let b(l) = -15*l**3 + 7*l**2 - 2*l. Let i(a) = -7*a**3 + 4*a**2 - a. Let w(u) = h*b(u) - 5*i(u). Determine w(1).
-10
Let l = -957 - -960. Let p(b) = -3*b**2 - 3*b + 3. Determine p(l).
-33
Let r(w) = -w**3 + 8*w**2 - 8*w + 7. Let n(d) = -d**3 + 7*d**2 + 33*d - 23. Let m be n(10). Determine r(m).
0
Let y(s) = s - 2. Let a be y(4). Suppose -314 = -3*p - 311. Suppose w - a = -p. Let q(o) = -17*o**3 + 1. Calculate q(w).
-16
Let j(m) = 4 - 5 - m + 1. Suppose 13*w = 20*w - 28. What is j(w)?
-4
Suppose 4*o + 2 = -3*r - 25, 0 = -2*r + 5*o + 5. Let d = 56 + -52. Let m(a) = -3*a - 9 + 8*a + a**2 + d. What is m(r)?
-5
Suppose 13 = 3*b - 5. Let t(l) be the third derivative of -l**7/5040 + l**6/720 + l**5/20 - l**2. Let z(s) be the third derivative of t(s). Give z(b).
-5
Suppose -s = -i + 4, -17*i = -18*i - 2*s + 10. Let x(k) = 2*k - 3*k**2 + 4*k**2 - 2*k**2 - 2 + 6*k. Determine x(i).
10
Let l(b) be the second derivative of -b**3/2 + b**2 + 7*b. Let w be 2 + (-3)/((-12)/4). Suppose -5 = w*u - 11. Calculate l(u).
-4
Let o be 1 + 14/(-10) + (-450)/125. Let t(p) = -p**3 - 4*p**2 - 3*p - 4. Let r be t(o). Let y(s) = -s + 2. Give y(r).
-6
Suppose 0 = -2*u + 2*p + p - 3, -5*u - 2*p + 21 = 0. Let v(w) = 2*w + 0*w - 3 - u*w + 4. Let g = 217 - 214. Determine v(g).
-2
Let a(v) = v**3 + 9*v**2 - 2*v + 80. Let n be a(-10). Let j(i) = -3*i - 6. Give j(n).
-6
Let t(u) = 0 + 6*u**2 - 47*u + 43*u + 2. Let a(d) = 5*d**2 - 3*d + 2. Let s(k) = -5*a(k) + 4*t(k). Calculate s(2).
-8
Let m(c) = 2*c**3 + c**2 - 2*c - 3. Suppose 6 = 2*j - 2, 4*j = 4*n + 8. Let h be (-1)/n*(-4 + 